3 - 18*x**2 + 4*x - 23. Let a(v) = 5*m(v) - 4*t(v). Calculate a(-13).
-5
Let s(m) = -m**3. Let a = 87 - 74. Suppose -9 = a*t - 35. Determine s(t).
-8
Let a(q) be the third derivative of 0*q + 1/6*q**4 + 6*q**2 - 1/2*q**3 - 1/20*q**5 + 1/120*q**6 + 0. Suppose -4*d + 3 = -3*d. Give a(d).
9
Let p = 18 - 6. Let s be (-2)/8 - (-99)/p. Let h(d) = -4*d**2 + 9*d**2 - 3*d**2 + s*d**2 - 1. Determine h(1).
9
Let z(d) be the third derivative of 0 + 5/12*d**4 + 0*d + 0*d**3 + 11*d**2. Give z(-1).
-10
Let z be 30/(-105) - (-30)/7. Let x(s) be the first derivative of 2*s**2 + z*s - 2 - 1/3*s**3. What is x(6)?
-8
Suppose 5*f - 4*w - 24 = -0*f, 4*f = w + 28. Let l(m) = m**2 - 12*m + 31. Calculate l(f).
-1
Let q(j) be the first derivative of -j**2 - 2*j - 17. Calculate q(5).
-12
Let n be (-4)/16*-4 - 3. Let q(v) = -15*v**2 + 15*v**2 + 5*v**2 + 3*v - 4*v**2 + 2. Calculate q(n).
0
Let a(h) = 7*h. Let t(i) = 2 - 4 + 1 + 0. Let d(f) = -a(f) - t(f). Determine d(1).
-6
Suppose -23*q + 22*q = -14. Let z(n) = -n + 17. What is z(q)?
3
Let u(d) be the second derivative of -10*d + 0 - 5/2*d**2 + 1/2*d**3. Give u(4).
7
Let a(n) = -2*n**3 - 15*n**2 + 3*n - 17. Let l(d) = -d**3 - 7*d**2 + d - 8. Let b(h) = 2*a(h) - 5*l(h). Let m = -13 + 5. Let t = -13 - m. Give b(t).
1
Suppose -48*o + 48 = -56*o. Let p(m) = 2*m**2 + 15*m + 1. Calculate p(o).
-17
Let v(k) be the second derivative of -k**4/12 + k**3/3 - k**2 + 2597*k. Suppose 0 - 16 = -4*w. Determine v(w).
-10
Let d(g) = -6*g**2 + 27*g - 25. Let u(h) = 5*h**2 - 26*h + 25. Let p(l) = 3*d(l) + 4*u(l). Let b(m) = -m**2 + 11*m - 12. Let i(z) = 7*b(z) + 3*p(z). Give i(7).
-2
Let q(l) = -l**2 + l - 1. Let h be 10 + 2 + 1 - 2. Let v = -9 + h. Let t(w) = -3*w**2 + 7*w - 4. Let b(n) = v*q(n) - t(n). Give b(4).
-2
Let y(h) be the third derivative of h**6/24 + h**5/15 + h**4/8 + h**3/3 - 283*h**2 + 2. Determine y(-2).
-28
Let r(f) = -f**2 + 2*f + 5. Suppose -3*k + 98 = -130. Suppose -2*i + i + k = 0. Let u be 3/12 + i/16. Calculate r(u).
-10
Let r(h) = 3*h - 12. Suppose -3*a + 24 = -6*g + 9*g, -4*g + 32 = 5*a. Calculate r(g).
12
Let y(k) = -k + 6. Let q(c) = c**3 + 4*c**2 - 14*c - 5. Let x be q(-6). What is y(x)?
-1
Let t(g) = -3*g**2 + g + 8. Let y(z) = -7 - 8 - z**2 + 17. Let s(a) = 2*t(a) - 9*y(a). Determine s(-2).
6
Let s(m) = m**2 - m - 7. Let g be s(0). Let a(l) = -43*l**2 - 9*l + 11. Let y(q) = -115*q**2 - 26*q + 32. Let c(r) = -8*a(r) + 3*y(r). What is c(g)?
1
Let b(f) = -8*f + 30. Let d(v) = 3*v - 14. Let l(u) = 2*b(u) + 5*d(u). What is l(-9)?
-1
Let h(k) = k**3 + 5*k**2 - k - 7. Suppose 4*f + 0*f = 24. Suppose -25 = f*y - y. Determine h(y).
-2
Let q(g) = 8 - 7538*g + 7537*g + 9. Calculate q(10).
7
Let q(f) = 0 - 5*f - 3*f + 2 - 5*f + 3*f**2 + f**3 + 10*f. Let u = -10 + 6. Determine q(u).
-2
Let q(c) = -3*c + 25. Let k be q(11). Let z be ((-2)/4)/(k/(-16)). Let t(f) = f**3 + 2*f + 1. Calculate t(z).
-2
Suppose q + 5*t - 6 = -20, -2*t = 3*q + 16. Suppose 3*u - 2 = 7. Let w(b) = 1 + 4*b - 2*b + u. Give w(q).
-4
Let s = -11 - -15. Suppose 0 = 2*g - 4*f + 16, 3*g + 6*f - 3*f = 21. Let m(d) = 5*d - d**2 - 4*d - 4 + g*d. What is m(s)?
-8
Let m(w) be the second derivative of w**5/20 - w**3/6 + 9*w**2/2 + 13*w. Suppose -7*o = -2*o. Give m(o).
9
Let d(y) be the third derivative of y**6/120 - y**5/15 - y**4/24 - y**3/2 - 125*y**2. Determine d(4).
-7
Let d(o) be the first derivative of -o**2 + 8*o + 2. Suppose 0 = -87*g + 85*g + 14. Calculate d(g).
-6
Let s(y) = -y - 2. Let n be (-28)/42*18/(-4). Suppose -n*f + 5*f = -18. Let x be -2 + (-3 - f)*1. Give s(x).
-6
Let v(z) = z**3 - 5*z**2 - 7*z + 8. Let r(w) = -3*w - 3. Let l be r(-10). Suppose 2*q - l = -q. Let c = q + -3. Determine v(c).
2
Suppose -70*c = -61*c + 144. Let o(x) = -x**2 - 18*x - 31. Determine o(c).
1
Let f(d) = -d + 3. Let r(s) = -14*s. Let a be r(-6). Let t be a/(-140)*1*-5. Give f(t).
0
Let q(p) = -p**2 + p + 2. Let t be q(3). Let b(d) = 4*d + 528. Let n(c) = 12. Let z(f) = b(f) - 44*n(f). Determine z(t).
-16
Let h(s) = -s**2 + 12*s - 12. Let g(p) = p**2 + 16*p - 181. Let k be g(-24). Give h(k).
-1
Let s(l) = -45*l + 9. Let z(f) = -113*f + 18. Let d(i) = 5*s(i) - 2*z(i). Give d(1).
10
Let a(k) = 6*k - 4*k + 53 - 84. Let q be a(14). Let i(n) be the third derivative of -n**6/120 - n**5/20 + 3*n**2. Give i(q).
0
Let h(y) = 3*y - 1. Let z be h(1). Let f(l) = 1 - 3 + 4 - 41*l + 46*l. Give f(z).
12
Let w(q) = q**2 - 848 + 848. Let x(h) = h**3 - 2*h**2 + 3. Let l(i) = 2*w(i) + x(i). Give l(0).
3
Let k(x) be the second derivative of x**3/6 + 5*x**2/2 - 314*x. Determine k(-7).
-2
Let d(l) = 10*l**2 + 0 - 9*l**2 - 7 - 6*l. Let m(k) = -2*k**2 + 6*k + 7. Let z(s) = -3*d(s) - 2*m(s). Calculate z(-5).
2
Let o(x) = x**3 + 866*x + 841*x + 872*x - 28*x**2 - 2641*x + 61. Calculate o(30).
1
Let s(c) = -8 + 0 - 12*c - 7. Let n(b) = -6*b - 7. Let o(v) = 9*n(v) - 4*s(v). Calculate o(3).
-21
Let i(y) = -1 + 4 + 4*y - 1. Suppose 2*x - 4*z = 8, -16 = -25*x + 27*x + 4*z. What is i(x)?
-6
Suppose -d - 1 = c, 6*d - 2 = 4*d + 2*c. Let o(b) be the third derivative of -b**6/120 - b**5/60 + b**3/2 - 17*b**2. Calculate o(d).
3
Let a(m) = -m**3 - 4*m**2 + 5*m - 1. Suppose -s = -3*s + 5*s. Let z be 2 - (-4 + 11 + s). Calculate a(z).
-1
Let p(t) be the second derivative of 7*t**5/5 - t**4/12 + t**3/3 - t**2/2 - 75*t - 2. Give p(1).
28
Suppose 21*v - 78 = 48. Let t(z) = 7*z - 39. Give t(v).
3
Let a(o) be the second derivative of o**3/6 - 3*o**2/2 - o. Suppose 4*q + 5*q = -3*q - 8*q. What is a(q)?
-3
Let p(v) = v**3 - 6*v**2 + v - 1. Let q = -28 - -30. Suppose 4*l + q = j, -3*j + l + l + 16 = 0. Calculate p(j).
5
Suppose -2*k + 29 = 41. Let s(t) be the first derivative of t**3/3 + 5*t**2/2 + 1. What is s(k)?
6
Let k(m) = m - 1. Let x(a) = a**2 + a - 4. Let t(g) = 2*k(g) - x(g). Let o(s) be the first derivative of t(s). Let j(i) = 3*i + 1. Let l be j(-1). Give o(l).
5
Let m(a) = -19*a + 1. Let n(g) = 93*g - 6. Let s(v) = -11*m(v) - 2*n(v). Calculate s(-1).
-22
Suppose -d = 2*d - 3*h, 4 = -5*d + h. Let f(o) = 3*o - 2*o - 6 + 18 + 4*o**2 - 8 - 3. What is f(d)?
4
Let u(q) = q**3 + 5*q**2 - 6*q - 2. Let a = 273 - 279. Calculate u(a).
-2
Let u(d) be the third derivative of -d**5/60 + d**4/8 + 2*d**3/3 + 478*d**2. Calculate u(-2).
-6
Let a be (-550)/88 + (-5)/16*-4. Let v(s) = -s**2 - 12*s - 5. Determine v(a).
30
Let v(b) be the first derivative of -4*b**2 - b - 225. Give v(2).
-17
Let u(x) = x**3 + 6*x**2 + x + 6. Let r = -776 + 770. What is u(r)?
0
Let y = 4 - 4. Let o(i) = 2*i - 17. Let c be o(8). Let j = y + c. Let m(z) = -2*z**3 + z**2 + 2*z + 1. What is m(j)?
2
Let a = 3 - 7. Let v(b) = 4*b + 0*b - b + b. Let m(j) = 4*j - 1. Let n(o) = 5*m(o) - 6*v(o). Determine n(a).
11
Let t(o) = 2*o**2 + 3*o + 1. Let p be (5 - (-4)/2) + -9. Determine t(p).
3
Let h = -854 + 855. Let p(x) = -6*x. Determine p(h).
-6
Let z(m) = -m - 4*m + m**3 + 8*m - 4*m. Let b(t) = 2*t**3 - 3*t**2 - 5*t. Let j(g) = -b(g) + 3*z(g). Suppose -o = -2*o + f - 4, -3*o + 4*f = 13. What is j(o)?
-6
Let n(w) be the third derivative of w**6/120 - w**5/3 + 17*w**4/24 + 19*w**3/3 - 7*w**2 - 52. Determine n(19).
0
Let v(n) = -n - 1. Let c(d) = 5*d - 4. Let z(p) = -c(p) - 4*v(p). Give z(-5).
13
Let v(u) = -11*u**2 + 8*u + 2. Let s(i) = 2*i**2 - 2*i. Let p(q) = -10*s(q) - 2*v(q). Calculate p(-3).
2
Let u = -13 - -15. Suppose u = -s + 5*g, 4*s - 3*g - 8 = g. Suppose z = 4, o + s = 3*z - 6. Let h(r) = 5*r - 3. Calculate h(o).
12
Let p(o) = o**3 - 5*o**2 + o + 5. Let k(j) = -73*j + 80*j + 0*j**3 + 4 + 7*j**2 + j**3. Let l be k(-4). Let x = 28 - l. Give p(x).
-7
Let h be (-24)/10 + 6/15. Let p(k) = k + 15. Let v be p(-12). Let o(r) = -2*r + v*r + 2*r + 5 - 4. Calculate o(h).
-5
Suppose -m = 4*p - 8, 37*p - 41*p + m = -16. Let o(l) be the first derivative of -4/3*l**p - 1/4*l**4 + 2*l - 6 + l**2. Calculate o(-5).
17
Let o(i) = -i**3 + 5*i**2 - 3*i + 6. Let c be (-22)/(-8) - 10/(-8). Determine o(c).
10
Let f(s) be the third derivative of s**4/24 + s**3/2 - 2*s**2. Let o = -25 - -28. Let k be -2 - (o + -10) - 10. Give f(k).
-2
Suppose 2*i + 4 = 5*x + i, -i = 5*x + 4. Let o be ((-4)/(-3))/(6/9). Let l(y) = o*y + 3 + x + y. Calculate l(-2).
-3
Let d be 0 + 1 - 0/12. Let o(s) = 5 + 9*s + d - 6*s. Suppose 24 = 3*j - 7*j. What is o(j)?
-12
Let i(c) be the third deri